he remainder when 468622 is divided by 8221?
25
What is the remainder when 49706672 is divided by 94?
36
What is the remainder when 723299 is divided by 1352?
1331
What is the remainder when 447211687 is divided by 20?
7
Calculate the remainder when 24377 is divided by 7290.
2507
What is the remainder when 1123937 is divided by 179?
175
What is the remainder when 617576 is divided by 1095?
1091
What is the remainder when 55386 is divided by 18368?
282
What is the remainder when 16842 is divided by 238?
182
What is the remainder when 175934 is divided by 14591?
842
Calculate the remainder when 25175034 is divided by 1936537.
53
Calculate the remainder when 132259822 is divided by 4609.
4567
What is the remainder when 3066097 is divided by 730?
97
What is the remainder when 52789397 is divided by 4?
1
Calculate the remainder when 34966 is divided by 80.
6
Calculate the remainder when 237188 is divided by 7651.
7
Calculate the remainder when 15843385 is divided by 2351.
2347
What is the remainder when 708676 is divided by 434?
388
Calculate the remainder when 7622399 is divided by 33.
26
What is the remainder when 48312589 is divided by 24156283?
23
What is the remainder when 1431073663 is divided by 315?
313
Calculate the remainder when 117523 is divided by 29245.
543
What is the remainder when 5053712 is divided by 1207?
3
What is the remainder when 2210527 is divided by 10?
7
What is the remainder when 5744879 is divided by 316?
315
What is the remainder when 2214941 is divided by 2214928?
13
What is the remainder when 16817741 is divided by 189?
143
Calculate the remainder when 2035788 is divided by 18340.
48
Calculate the remainder when 117602 is divided by 3094.
30
Calculate the remainder when 18257281 is divided by 702203.
3
What is the remainder when 678965 is divided by 6348?
6077
Calculate the remainder when 24850772 is divided by 3541.
34
What is the remainder when 556718 is divided by 69569?
166
What is the remainder when 2925124 is divided by 682?
26
What is the remainder when 316991096 is divided by 38?
36
Calculate the remainder when 501608690 is divided by 2393.
2388
What is the remainder when 10471249 is divided by 5235578?
93
Calculate the remainder when 4787757 is divided by 996.
981
What is the remainder when 834477 is divided by 129?
105
Calculate the remainder when 4568090 is divided by 638.
10
Calculate the remainder when 81464898 is divided by 6654.
6630
Calculate the remainder when 1929915 is divided by 491.
285
What is the remainder when 852357 is divided by 74?
25
What is the remainder when 3464968 is divided by 3464957?
11
What is the remainder when 47971 is divided by 618?
385
Calculate the remainder when 3028577 is divided by 89.
85
What is the remainder when 9330177 is divided by 300973?
14
What is the remainder when 7913 is divided by 2555?
248
Calculate the remainder when 74789987 is divided by 2693.
2684
Calculate the remainder when 805474 is divided by 279.
1
Calculate the remainder when 610484 is divided by 87210.
14
Calculate the remainder when 1273577 is divided by 1266.
1247
What is the remainder when 53355150 is divided by 26677510?
130
Calculate the remainder when 3596985 is divided by 256926.
21
What is the remainder when 3781106 is divided by 11354?
224
What is the remainder when 295299281 is divided by 81?
11
Calculate the remainder when 3699678 is divided by 248.
14
What is the remainder when 287489 is divided by 1310?
599
Calculate the remainder when 582915 is divided by 290781.
1353
What is the remainder when 128145 is divided by 20864?
2961
Calculate the remainder when 17259194 is divided by 56.
50
What is the remainder when 36998 is divided by 9222?
110
What is the remainder when 63524 is divided by 4146?
1334
Calculate the remainder when 237332183 is divided by 98.
95
What is the remainder when 910323 is divided by 118?
71
What is the remainder when 1749725 is divided by 1729?
1706
What is the remainder when 975973 is divided by 3286?
31
Calculate the remainder when 2848159 is divided by 2543.
2542
What is the remainder when 37875247 is divided by 926?
921
What is the remainder when 319777896 is divided by 100?
96
Calculate the remainder when 169728 is divided by 583.
75
What is the remainder when 76465429 is divided by 106?
103
Calculate the remainder when 18825073 is divided by 151815.
13
What is the remainder when 5450392 is divided by 1090072?
32
Calculate the remainder when 1338392 is divided by 1438.
1052
What is the remainder when 245649 is divided by 24096?
4689
Calculate the remainder when 8639 is divided by 2533.
1040
Calculate the remainder when 31680 is divided by 539.
418
What is the remainder when 111319 is divided by 1728?
727
Calculate the remainder when 75829 is divided by 6889.
50
Calculate the remainder when 51220 is divided by 1832.
1756
What is the remainder when 29272084 is divided by 317?
304
Calculate the remainder when 5076680 is divided by 3020.
60
Calculate the remainder when 20314076 is divided by 68168.
12
What is the remainder when 99186 is divided by 450?
186
Calculate the remainder when 2459055 is divided by 2464.
2447
What is the remainder when 2556624 is divided by 779?
725
Calculate the remainder when 3516453 is divided by 251174.
17
Calculate the remainder when 14513 is divided by 312.
161
Calculate the remainder when 3704009 is divided by 205742.
653
Calculate the remainder when 17964 is divided by 9.
0
Calculate the remainder when 700804 is divided by 3353.
27
Calculate the remainder when 8180831 is divided by 491.
280
Calculate the remainder when 480454 is divided by 400.
54
What is the remainder when 634043 is divided by 1355?
1258
What is the remainder when 3675102 is divided by 70673?
106
What is the remainder when 179717667 is divided by 990?
987
Calculate the remainder when 147196 is divided by 3854.
744
What is the remainder when 6334238 is divided by 671?
669
Calculate the remainder when 51322 is divided by 1462.
152
Calculate the remainder when 2171943 is divided by 981.
9
What is the remainder when 38191998 is divided by 10884?
42
What is the remainder when 539502 is divided by 3645?
42
What is the remainder when 20176 is divided by 2170?
646
What is the remainder when 1557354 is divided by 778676?
2
What is the remainder when 370673 is divided by 12746?
1039
Calculate the remainder when 6198119 is divided by 60.
59
Calculate the remainder when 265529 is divided by 154.
33
Calculate the remainder when 19430 is divided by 3775.
555
What is the remainder when 1807013 is divided by 138998?
39
What is the remainder when 9295213 is divided by 3213?
4
What is the remainder when 340401 is divided by 42546?
33
What is the remainder when 3585120 is divided by 95?
10
What is the remainder when 43148634 is divided by 695945?
44
Calculate the remainder when 26017 is divided by 482.
471
Calculate the remainder when 18477793 is divided by 767.
763
What is the remainder when 31624206 is divided by 3344?
3342
Calculate the remainder when 21060617 is divided by 303.
299
What is the remainder when 388307 is divided by 75?
32
Calculate the remainder when 2902923 is divided by 48380.
123
Calculate the remainder when 124934 is divided by 24910.
384
What is the remainder when 55261 is divided by 646?
351
What is the remainder when 656963 is divided by 67?
28
What is the remainder when 191255420 is divided by 61?
46
What is the remainder when 98859442 is divided by 250277?
27
What is the remainder when 70438431 is divided by 2464?
63
Calculate the remainder when 748028 is divided by 67992.
116
Calculate the remainder when 1065535 is divided by 1229.
1221
What is the remainder when 80128990 is divided by 4296?
4294
What is the remainder when 9692248 is divided by 1398?
1312
Calculate the remainder when 1936301 is divided by 1675.
1
Calculate the remainder when 7359 is divided by 44.
11
What is the remainder when 610967 is divided by 16215?
11012
What is the remainder when 54236683 is divided by 41?
38
Calculate the remainder when 14995954 is divided by 910.
64
What is the remainder when 9305260 is divided by 67?
32
What is the remainder when 785609 is divided by 208?
201
Calculate the remainder when 1010854 is divided by 12.
10
Calculate the remainder when 579549 is di